{"id":14492,"date":"2025-09-27T14:50:40","date_gmt":"2025-09-27T14:50:40","guid":{"rendered":"https:\/\/www.fabjanbrewery.com\/?page_id=14492"},"modified":"2025-09-29T17:59:16","modified_gmt":"2025-09-29T17:59:16","slug":"degustacija-grizzly","status":"publish","type":"page","link":"https:\/\/www.fabjanbrewery.com\/?page_id=14492","title":{"rendered":"DEGUSTACIJA GRIZZLY"},"content":{"rendered":"<p><section data-bb-version=\"5.4.7\" id=\"bt_bb_section69f1b64b389ff\" class=\"bt_bb_section bt_bb_layout_boxed_1200\"  data-bt-override-class=\"null\"><div class=\"bt_bb_port\"><div class=\"bt_bb_cell\"><div class=\"bt_bb_cell_inner\"><div class=\"bt_bb_row \"  data-bt-override-class=\"{}\"><div class=\"bt_bb_row_holder\" ><div data-bb-version=\"5.4.7\"  class=\"bt_bb_column col-xxl-12 col-xl-12 col-xs-12 col-sm-12 col-md-12 col-lg-12 bt_bb_vertical_align_top bt_bb_align_left bt_bb_padding_normal\" style=\"; --column-width:12;\" data-width=\"12\" data-bt-override-class=\"{}\"><div class=\"bt_bb_column_content\"><div class=\"bt_bb_column_content_inner\"><div data-bb-version=\"5.4.7\" class=\"bt_bb_css_image_grid bt_bb_columns_6 bt_bb_gap_no_gap bt_bb_shape_inherit bt_bb_animation_fade_in move_right animate\" data-columns=\"6\"><div class=\"bt_bb_css_image_grid_content\"><div class=\"bt_bb_css_image_grid_item bt_bb_tile_format_11\" data-src-full=\"https:\/\/www.fabjanbrewery.com\/wp-content\/uploads\/2025\/09\/ANA-29.jpg\" title=\"ANA 29\"><div class=\"bt_bb_css_image_grid_item_inner\"><div class=\"bt_bb_css_image_grid_item_inner_image\"><img decoding=\"async\" src=\"https:\/\/www.fabjanbrewery.com\/wp-content\/uploads\/2025\/09\/ANA-29-640x960.jpg\" data-src-full=\"https:\/\/www.fabjanbrewery.com\/wp-content\/uploads\/2025\/09\/ANA-29.jpg\" title=\"ANA 29\" alt=\"ANA 29\"\/><\/div><div class=\"bt_bb_css_image_grid_item_inner_content\"><\/div><\/div><\/div><div class=\"bt_bb_css_image_grid_item bt_bb_tile_format_11\" data-src-full=\"https:\/\/www.fabjanbrewery.com\/wp-content\/uploads\/2025\/09\/ANA-128.jpg\" title=\"ANA 128\"><div class=\"bt_bb_css_image_grid_item_inner\"><div class=\"bt_bb_css_image_grid_item_inner_image\"><img decoding=\"async\" src=\"https:\/\/www.fabjanbrewery.com\/wp-content\/uploads\/2025\/09\/ANA-128-640x960.jpg\" data-src-full=\"https:\/\/www.fabjanbrewery.com\/wp-content\/uploads\/2025\/09\/ANA-128.jpg\" title=\"ANA 128\" alt=\"ANA 128\"\/><\/div><div class=\"bt_bb_css_image_grid_item_inner_content\"><\/div><\/div><\/div><div class=\"bt_bb_css_image_grid_item bt_bb_tile_format_11\" data-src-full=\"https:\/\/www.fabjanbrewery.com\/wp-content\/uploads\/2025\/09\/ANA-135.jpg\" title=\"ANA 135\"><div class=\"bt_bb_css_image_grid_item_inner\"><div class=\"bt_bb_css_image_grid_item_inner_image\"><img decoding=\"async\" src=\"https:\/\/www.fabjanbrewery.com\/wp-content\/uploads\/2025\/09\/ANA-135-640x960.jpg\" data-src-full=\"https:\/\/www.fabjanbrewery.com\/wp-content\/uploads\/2025\/09\/ANA-135.jpg\" title=\"ANA 135\" alt=\"ANA 135\"\/><\/div><div class=\"bt_bb_css_image_grid_item_inner_content\"><\/div><\/div><\/div><div class=\"bt_bb_css_image_grid_item bt_bb_tile_format_11\" data-src-full=\"https:\/\/www.fabjanbrewery.com\/wp-content\/uploads\/2025\/09\/ANA-154.jpg\" title=\"ANA 154\"><div class=\"bt_bb_css_image_grid_item_inner\"><div class=\"bt_bb_css_image_grid_item_inner_image\"><img decoding=\"async\" src=\"https:\/\/www.fabjanbrewery.com\/wp-content\/uploads\/2025\/09\/ANA-154-640x960.jpg\" data-src-full=\"https:\/\/www.fabjanbrewery.com\/wp-content\/uploads\/2025\/09\/ANA-154.jpg\" title=\"ANA 154\" alt=\"ANA 154\"\/><\/div><div class=\"bt_bb_css_image_grid_item_inner_content\"><\/div><\/div><\/div><div class=\"bt_bb_css_image_grid_item bt_bb_tile_format_11\" data-src-full=\"https:\/\/www.fabjanbrewery.com\/wp-content\/uploads\/2025\/09\/ANA-179.jpg\" title=\"ANA 179\"><div class=\"bt_bb_css_image_grid_item_inner\"><div class=\"bt_bb_css_image_grid_item_inner_image\"><img decoding=\"async\" src=\"https:\/\/www.fabjanbrewery.com\/wp-content\/uploads\/2025\/09\/ANA-179-640x960.jpg\" data-src-full=\"https:\/\/www.fabjanbrewery.com\/wp-content\/uploads\/2025\/09\/ANA-179.jpg\" title=\"ANA 179\" alt=\"ANA 179\"\/><\/div><div class=\"bt_bb_css_image_grid_item_inner_content\"><\/div><\/div><\/div><div class=\"bt_bb_css_image_grid_item bt_bb_tile_format_11\" data-src-full=\"https:\/\/www.fabjanbrewery.com\/wp-content\/uploads\/2025\/09\/ANA-242.jpg\" title=\"ANA 242\"><div class=\"bt_bb_css_image_grid_item_inner\"><div class=\"bt_bb_css_image_grid_item_inner_image\"><img decoding=\"async\" src=\"https:\/\/www.fabjanbrewery.com\/wp-content\/uploads\/2025\/09\/ANA-242-640x960.jpg\" data-src-full=\"https:\/\/www.fabjanbrewery.com\/wp-content\/uploads\/2025\/09\/ANA-242.jpg\" title=\"ANA 242\" alt=\"ANA 242\"\/><\/div><div class=\"bt_bb_css_image_grid_item_inner_content\"><\/div><\/div><\/div><\/div><\/div><\/div><\/div><\/div><\/div><\/div><div data-bb-version=\"5.4.7\" class=\"bt_bb_row \"  data-bt-override-class=\"{}\"><div class=\"bt_bb_row_holder\" ><div data-bb-version=\"5.4.7\"  class=\"bt_bb_column col-xxl-12 col-xl-12 col-xs-12 col-sm-12 col-md-12 col-lg-12 bt_bb_vertical_align_top bt_bb_align_left bt_bb_padding_normal\" style=\"; --column-width:12;\" data-width=\"12\" data-bt-override-class=\"{}\"><div class=\"bt_bb_column_content\"><div class=\"bt_bb_column_content_inner\"><div data-bb-version=\"5.4.7\" class=\"bt_bb_separator bt_bb_border_style_none bt_bb_top_spacing_extra_small bt_bb_bottom_spacing_extra_small\" data-bt-override-class=\"{&quot;bt_bb_top_spacing_&quot;:{&quot;current_class&quot;:&quot;bt_bb_top_spacing_extra_small&quot;,&quot;def&quot;:&quot;extra_small&quot;},&quot;bt_bb_bottom_spacing_&quot;:{&quot;current_class&quot;:&quot;bt_bb_bottom_spacing_extra_small&quot;,&quot;def&quot;:&quot;extra_small&quot;}}\"><\/div><\/div><\/div><\/div><\/div><\/div><div data-bb-version=\"5.4.7\" class=\"bt_bb_row \"  data-bt-override-class=\"{}\"><div class=\"bt_bb_row_holder\" ><div data-bb-version=\"5.4.7\"  class=\"bt_bb_column col-xxl-6 col-xl-6 col-xs-12 col-sm-6 col-md-6 col-lg-6 bt_bb_vertical_align_top bt_bb_align_left bt_bb_padding_normal\" style=\"; --column-width:6;\" data-width=\"6\" data-bt-override-class=\"{}\"><div class=\"bt_bb_column_content\"><div class=\"bt_bb_column_content_inner\"><div data-bb-version=\"5.4.7\" class=\"bt_bb_price_list bt_bb_currency_position_left\"><div class=\"bt_bb_price_list_title\">PAKET A<\/div><div class=\"bt_bb_price_list_subtitle\"><\/div><div class=\"bt_bb_price_list_price\"><span class=\"bt_bb_price_list_currency\">\u20ac<\/span><span class=\"bt_bb_price_list_amount\">12<\/span><\/div><ul><li>Degustacija na\u0161ih piv (KING PA, BLACK IPA, GOLD IPA )<\/li><li>Slani prigrizki<\/li><li>Doma\u010da poga\u010da iz je\u010dmena<\/li><li>Voda<\/li><\/ul><\/div><\/div><\/div><\/div><div data-bb-version=\"5.4.7\"  class=\"bt_bb_column col-xxl-6 col-xl-6 col-xs-12 col-sm-6 col-md-6 col-lg-6 bt_bb_vertical_align_top bt_bb_align_left bt_bb_padding_normal\" style=\"; --column-width:6;\" data-width=\"6\" data-bt-override-class=\"{}\"><div class=\"bt_bb_column_content\"><div class=\"bt_bb_column_content_inner\"><div data-bb-version=\"5.4.7\" class=\"bt_bb_price_list bt_bb_currency_position_left\"><div class=\"bt_bb_price_list_title\">PAKET B<\/div><div class=\"bt_bb_price_list_subtitle\"><\/div><div class=\"bt_bb_price_list_price\"><span class=\"bt_bb_price_list_currency\">\u20ac<\/span><span class=\"bt_bb_price_list_amount\">20<\/span><\/div><ul><li>Degustacija na\u0161ih piv (KING PA, BLACK IPA, GOLD IPA )<\/li><li>Slani prigrizki<\/li><li>Doma\u010di siri<\/li><li>Doma\u010da poga\u010da iz je\u010dmena<\/li><li>Voda, jabol\u010dni sok<\/li><\/ul><\/div><\/div><\/div><\/div><\/div><\/div><div data-bb-version=\"5.4.7\" class=\"bt_bb_row \"  data-bt-override-class=\"{}\"><div class=\"bt_bb_row_holder\" ><div data-bb-version=\"5.4.7\"  class=\"bt_bb_column col-xxl-12 col-xl-12 col-xs-12 col-sm-12 col-md-12 col-lg-12 bt_bb_vertical_align_top bt_bb_align_left bt_bb_padding_none\" style=\"; --column-width:12;\" data-width=\"12\" data-bt-override-class=\"{&quot;bt_bb_align_&quot;:{&quot;current_class&quot;:&quot;bt_bb_align_left&quot;,&quot;def&quot;:&quot;left&quot;},&quot;bt_bb_padding_&quot;:{&quot;current_class&quot;:&quot;bt_bb_padding_none&quot;,&quot;def&quot;:&quot;none&quot;},&quot;bt_bb_animation_&quot;:{&quot;current_class&quot;:&quot;bt_bb_animation_no_animation&quot;,&quot;def&quot;:&quot;no_animation&quot;}}\"><div class=\"bt_bb_column_content\"><div class=\"bt_bb_column_content_inner\"><div data-bb-version=\"5.4.7\" class=\"bt_bb_separator bt_bb_border_style_solid bt_bb_top_spacing_normal bt_bb_bottom_spacing_normal\" data-bt-override-class=\"{&quot;bt_bb_top_spacing_&quot;:{&quot;current_class&quot;:&quot;bt_bb_top_spacing_normal&quot;,&quot;def&quot;:&quot;normal&quot;},&quot;bt_bb_bottom_spacing_&quot;:{&quot;current_class&quot;:&quot;bt_bb_bottom_spacing_normal&quot;,&quot;def&quot;:&quot;normal&quot;}}\"><\/div><\/div><\/div><\/div><\/div><\/div><div data-bb-version=\"5.4.7\" class=\"bt_bb_row \"  data-bt-override-class=\"{}\"><div class=\"bt_bb_row_holder\" ><div data-bb-version=\"5.4.7\"  class=\"bt_bb_column col-xxl-12 col-xl-12 col-xs-12 col-sm-12 col-md-12 col-lg-12 bt_bb_vertical_align_top bt_bb_align_left bt_bb_padding_normal\" style=\"; --column-width:12;\" data-width=\"12\" data-bt-override-class=\"{}\"><div class=\"bt_bb_column_content\"><div class=\"bt_bb_column_content_inner\"><div data-bb-version=\"5.4.7\"  class=\"bt_bb_text\" ><\/p>\n<p>*Za ogled pivovarne je potrebna predhodna najava.<br \/>\n*Vse dodatne informacije na telefonski \u0161tevilki: 031 633 567 Ana<\/p>\n<p>\n<\/div><\/div><\/div><\/div><\/div><\/div><\/div><!-- cell_inner --><\/div><!-- cell --><\/div><!-- port --><\/section><section data-bb-version=\"5.4.7\" id=\"bt_bb_section69f1b64b3b207\" class=\"bt_bb_section bt_bb_layout_wide bt_bb_vertical_align_top bt_bb_top_spacing_normal bt_bb_bottom_spacing_normal\"  data-bt-override-class=\"{&quot;bt_bb_top_spacing_&quot;:{&quot;current_class&quot;:&quot;bt_bb_top_spacing_normal&quot;,&quot;def&quot;:&quot;normal&quot;},&quot;bt_bb_bottom_spacing_&quot;:{&quot;current_class&quot;:&quot;bt_bb_bottom_spacing_normal&quot;,&quot;def&quot;:&quot;normal&quot;},&quot;bt_bb_animation_&quot;:{&quot;current_class&quot;:&quot;bt_bb_animation_no_animation&quot;,&quot;def&quot;:&quot;no_animation&quot;}}\"><div class=\"bt_bb_port\"><div class=\"bt_bb_cell\"><div class=\"bt_bb_cell_inner\"><div class=\"bt_bb_row \"  data-bt-override-class=\"{}\"><div class=\"bt_bb_row_holder\" ><div data-bb-version=\"5.4.7\"  class=\"bt_bb_column col-xxl-12 col-xl-12 col-xs-12 col-sm-12 col-md-12 col-lg-12 bt_bb_vertical_align_top bt_bb_align_left bt_bb_padding_normal\" style=\"; --column-width:12;\" data-width=\"12\" data-bt-override-class=\"{}\"><div class=\"bt_bb_column_content\"><div class=\"bt_bb_column_content_inner\"><div data-bb-version=\"5.4.7\" class=\"bt_bb_css_image_grid bt_bb_columns_6 bt_bb_gap_no_gap bt_bb_shape_inherit\" data-columns=\"6\"><div class=\"bt_bb_css_image_grid_content\"><div class=\"bt_bb_css_image_grid_item bt_bb_tile_format_11\" data-src-full=\"https:\/\/www.fabjanbrewery.com\/wp-content\/uploads\/2025\/09\/ANA-122-1.jpg\" title=\"ANA 122\"><div class=\"bt_bb_css_image_grid_item_inner\"><div class=\"bt_bb_css_image_grid_item_inner_image\"><img decoding=\"async\" src=\"https:\/\/www.fabjanbrewery.com\/wp-content\/uploads\/2025\/09\/ANA-122-1-1280x853.jpg\" data-src-full=\"https:\/\/www.fabjanbrewery.com\/wp-content\/uploads\/2025\/09\/ANA-122-1.jpg\" title=\"ANA 122\" alt=\"ANA 122\"\/><\/div><div class=\"bt_bb_css_image_grid_item_inner_content\"><\/div><\/div><\/div><div class=\"bt_bb_css_image_grid_item bt_bb_tile_format_11\" data-src-full=\"https:\/\/www.fabjanbrewery.com\/wp-content\/uploads\/2025\/09\/ANA-123.jpg\" title=\"ANA 123\"><div class=\"bt_bb_css_image_grid_item_inner\"><div class=\"bt_bb_css_image_grid_item_inner_image\"><img decoding=\"async\" src=\"https:\/\/www.fabjanbrewery.com\/wp-content\/uploads\/2025\/09\/ANA-123-1280x853.jpg\" data-src-full=\"https:\/\/www.fabjanbrewery.com\/wp-content\/uploads\/2025\/09\/ANA-123.jpg\" title=\"ANA 123\" alt=\"ANA 123\"\/><\/div><div class=\"bt_bb_css_image_grid_item_inner_content\"><\/div><\/div><\/div><div class=\"bt_bb_css_image_grid_item bt_bb_tile_format_11\" data-src-full=\"https:\/\/www.fabjanbrewery.com\/wp-content\/uploads\/2025\/09\/ANA-128-1.jpg\" title=\"ANA 128\"><div class=\"bt_bb_css_image_grid_item_inner\"><div class=\"bt_bb_css_image_grid_item_inner_image\"><img decoding=\"async\" src=\"https:\/\/www.fabjanbrewery.com\/wp-content\/uploads\/2025\/09\/ANA-128-1-1280x1920.jpg\" data-src-full=\"https:\/\/www.fabjanbrewery.com\/wp-content\/uploads\/2025\/09\/ANA-128-1.jpg\" title=\"ANA 128\" alt=\"ANA 128\"\/><\/div><div class=\"bt_bb_css_image_grid_item_inner_content\"><\/div><\/div><\/div><div class=\"bt_bb_css_image_grid_item bt_bb_tile_format_11\" data-src-full=\"https:\/\/www.fabjanbrewery.com\/wp-content\/uploads\/2025\/09\/ANA-133.jpg\" title=\"ANA 133\"><div class=\"bt_bb_css_image_grid_item_inner\"><div class=\"bt_bb_css_image_grid_item_inner_image\"><img decoding=\"async\" src=\"https:\/\/www.fabjanbrewery.com\/wp-content\/uploads\/2025\/09\/ANA-133-1280x1920.jpg\" data-src-full=\"https:\/\/www.fabjanbrewery.com\/wp-content\/uploads\/2025\/09\/ANA-133.jpg\" title=\"ANA 133\" alt=\"ANA 133\"\/><\/div><div class=\"bt_bb_css_image_grid_item_inner_content\"><\/div><\/div><\/div><div class=\"bt_bb_css_image_grid_item bt_bb_tile_format_11\" data-src-full=\"https:\/\/www.fabjanbrewery.com\/wp-content\/uploads\/2025\/09\/ANA-143.jpg\" title=\"ANA 143\"><div class=\"bt_bb_css_image_grid_item_inner\"><div class=\"bt_bb_css_image_grid_item_inner_image\"><img decoding=\"async\" src=\"https:\/\/www.fabjanbrewery.com\/wp-content\/uploads\/2025\/09\/ANA-143-1280x1920.jpg\" data-src-full=\"https:\/\/www.fabjanbrewery.com\/wp-content\/uploads\/2025\/09\/ANA-143.jpg\" title=\"ANA 143\" alt=\"ANA 143\"\/><\/div><div class=\"bt_bb_css_image_grid_item_inner_content\"><\/div><\/div><\/div><div class=\"bt_bb_css_image_grid_item bt_bb_tile_format_11\" data-src-full=\"https:\/\/www.fabjanbrewery.com\/wp-content\/uploads\/2025\/09\/ANA-154-1.jpg\" title=\"ANA 154\"><div class=\"bt_bb_css_image_grid_item_inner\"><div class=\"bt_bb_css_image_grid_item_inner_image\"><img decoding=\"async\" src=\"https:\/\/www.fabjanbrewery.com\/wp-content\/uploads\/2025\/09\/ANA-154-1-1280x1920.jpg\" data-src-full=\"https:\/\/www.fabjanbrewery.com\/wp-content\/uploads\/2025\/09\/ANA-154-1.jpg\" title=\"ANA 154\" alt=\"ANA 154\"\/><\/div><div class=\"bt_bb_css_image_grid_item_inner_content\"><\/div><\/div><\/div><div class=\"bt_bb_css_image_grid_item bt_bb_tile_format_11\" data-src-full=\"https:\/\/www.fabjanbrewery.com\/wp-content\/uploads\/2025\/09\/ANA-7.jpg\" title=\"default\"><div class=\"bt_bb_css_image_grid_item_inner\"><div class=\"bt_bb_css_image_grid_item_inner_image\"><img decoding=\"async\" src=\"https:\/\/www.fabjanbrewery.com\/wp-content\/uploads\/2025\/09\/ANA-7-1280x960.jpg\" data-src-full=\"https:\/\/www.fabjanbrewery.com\/wp-content\/uploads\/2025\/09\/ANA-7.jpg\" title=\"default\" alt=\"default\"\/><\/div><div class=\"bt_bb_css_image_grid_item_inner_content\"><\/div><\/div><\/div><div class=\"bt_bb_css_image_grid_item bt_bb_tile_format_11\" data-src-full=\"https:\/\/www.fabjanbrewery.com\/wp-content\/uploads\/2025\/09\/ANA-9.jpg\" title=\"default\"><div class=\"bt_bb_css_image_grid_item_inner\"><div class=\"bt_bb_css_image_grid_item_inner_image\"><img decoding=\"async\" src=\"https:\/\/www.fabjanbrewery.com\/wp-content\/uploads\/2025\/09\/ANA-9-1280x960.jpg\" data-src-full=\"https:\/\/www.fabjanbrewery.com\/wp-content\/uploads\/2025\/09\/ANA-9.jpg\" title=\"default\" alt=\"default\"\/><\/div><div class=\"bt_bb_css_image_grid_item_inner_content\"><\/div><\/div><\/div><div class=\"bt_bb_css_image_grid_item bt_bb_tile_format_11\" data-src-full=\"https:\/\/www.fabjanbrewery.com\/wp-content\/uploads\/2025\/09\/ANA-116.jpg\" title=\"ANA 116\"><div class=\"bt_bb_css_image_grid_item_inner\"><div class=\"bt_bb_css_image_grid_item_inner_image\"><img decoding=\"async\" src=\"https:\/\/www.fabjanbrewery.com\/wp-content\/uploads\/2025\/09\/ANA-116-1280x1920.jpg\" data-src-full=\"https:\/\/www.fabjanbrewery.com\/wp-content\/uploads\/2025\/09\/ANA-116.jpg\" title=\"ANA 116\" alt=\"ANA 116\"\/><\/div><div class=\"bt_bb_css_image_grid_item_inner_content\"><\/div><\/div><\/div><div class=\"bt_bb_css_image_grid_item bt_bb_tile_format_11\" data-src-full=\"https:\/\/www.fabjanbrewery.com\/wp-content\/uploads\/2025\/09\/ANA-117.jpg\" title=\"ANA 117\"><div class=\"bt_bb_css_image_grid_item_inner\"><div class=\"bt_bb_css_image_grid_item_inner_image\"><img decoding=\"async\" src=\"https:\/\/www.fabjanbrewery.com\/wp-content\/uploads\/2025\/09\/ANA-117-1280x1920.jpg\" data-src-full=\"https:\/\/www.fabjanbrewery.com\/wp-content\/uploads\/2025\/09\/ANA-117.jpg\" title=\"ANA 117\" alt=\"ANA 117\"\/><\/div><div class=\"bt_bb_css_image_grid_item_inner_content\"><\/div><\/div><\/div><div class=\"bt_bb_css_image_grid_item bt_bb_tile_format_11\" data-src-full=\"https:\/\/www.fabjanbrewery.com\/wp-content\/uploads\/2025\/09\/ANA-217.jpg\" title=\"ANA 217\"><div class=\"bt_bb_css_image_grid_item_inner\"><div class=\"bt_bb_css_image_grid_item_inner_image\"><img decoding=\"async\" src=\"https:\/\/www.fabjanbrewery.com\/wp-content\/uploads\/2025\/09\/ANA-217-1280x853.jpg\" data-src-full=\"https:\/\/www.fabjanbrewery.com\/wp-content\/uploads\/2025\/09\/ANA-217.jpg\" title=\"ANA 217\" alt=\"ANA 217\"\/><\/div><div class=\"bt_bb_css_image_grid_item_inner_content\"><\/div><\/div><\/div><div class=\"bt_bb_css_image_grid_item bt_bb_tile_format_11\" data-src-full=\"https:\/\/www.fabjanbrewery.com\/wp-content\/uploads\/2025\/09\/ANA-236.jpg\" title=\"ANA 236\"><div class=\"bt_bb_css_image_grid_item_inner\"><div class=\"bt_bb_css_image_grid_item_inner_image\"><img decoding=\"async\" src=\"https:\/\/www.fabjanbrewery.com\/wp-content\/uploads\/2025\/09\/ANA-236-1280x853.jpg\" data-src-full=\"https:\/\/www.fabjanbrewery.com\/wp-content\/uploads\/2025\/09\/ANA-236.jpg\" title=\"ANA 236\" alt=\"ANA 236\"\/><\/div><div class=\"bt_bb_css_image_grid_item_inner_content\"><\/div><\/div><\/div><\/div><\/div><\/div><\/div><\/div><\/div><\/div><\/div><!-- cell_inner --><\/div><!-- cell --><\/div><!-- port --><\/section><\/p>\n","protected":false},"excerpt":{"rendered":"","protected":false},"author":1,"featured_media":0,"parent":0,"menu_order":0,"comment_status":"closed","ping_status":"closed","template":"","meta":{"footnotes":""},"class_list":["post-14492","page","type-page","status-publish","hentry"],"_links":{"self":[{"href":"https:\/\/www.fabjanbrewery.com\/index.php?rest_route=\/wp\/v2\/pages\/14492","targetHints":{"allow":["GET"]}}],"collection":[{"href":"https:\/\/www.fabjanbrewery.com\/index.php?rest_route=\/wp\/v2\/pages"}],"about":[{"href":"https:\/\/www.fabjanbrewery.com\/index.php?rest_route=\/wp\/v2\/types\/page"}],"author":[{"embeddable":true,"href":"https:\/\/www.fabjanbrewery.com\/index.php?rest_route=\/wp\/v2\/users\/1"}],"replies":[{"embeddable":true,"href":"https:\/\/www.fabjanbrewery.com\/index.php?rest_route=%2Fwp%2Fv2%2Fcomments&post=14492"}],"version-history":[{"count":24,"href":"https:\/\/www.fabjanbrewery.com\/index.php?rest_route=\/wp\/v2\/pages\/14492\/revisions"}],"predecessor-version":[{"id":14536,"href":"https:\/\/www.fabjanbrewery.com\/index.php?rest_route=\/wp\/v2\/pages\/14492\/revisions\/14536"}],"wp:attachment":[{"href":"https:\/\/www.fabjanbrewery.com\/index.php?rest_route=%2Fwp%2Fv2%2Fmedia&parent=14492"}],"curies":[{"name":"wp","href":"https:\/\/api.w.org\/{rel}","templated":true}]}}